a prime number?
True
Is 29501 a composite number?
False
Is 118163 a prime number?
True
Is 120297 a prime number?
False
Is 358049 a composite number?
True
Is 469355 a prime number?
False
Is 205311 prime?
False
Is 114659 composite?
False
Is 879 composite?
True
Is 10357 a composite number?
False
Is 18041 prime?
True
Is 8651 a composite number?
True
Is 239095 prime?
False
Is 128237 a prime number?
True
Is 7903 a composite number?
True
Is 438663 prime?
False
Is 4887197 composite?
True
Is 34793 composite?
True
Is 122963 a prime number?
True
Is 21479 a composite number?
True
Is 51931 prime?
False
Is 3593 composite?
False
Is 23269 a composite number?
False
Is 268607 composite?
False
Is 6763897 composite?
True
Is 91493 composite?
False
Is 6469 a composite number?
False
Is 118653 a prime number?
False
Is 4621 a composite number?
False
Is 707359 a composite number?
False
Is 1741159 a composite number?
True
Is 10910557 a composite number?
True
Is 552787 prime?
True
Is 97323 a composite number?
True
Is 454607 a prime number?
False
Is 146491 a composite number?
True
Is 19417 a prime number?
True
Is 37307 prime?
True
Is 373741 prime?
False
Is 6081 prime?
False
Is 236345 prime?
False
Is 43853 composite?
False
Is 35059 prime?
True
Is 1693987 composite?
False
Is 74631 composite?
True
Is 656959 composite?
False
Is 10007 a prime number?
True
Is 297343 composite?
True
Is 43691 prime?
True
Is 40882 prime?
False
Is 72463 a prime number?
False
Is 95541 prime?
False
Is 87569 a prime number?
False
Is 1361 composite?
False
Is 854053 prime?
True
Is 22511 prime?
True
Is 573 a prime number?
False
Is 128798 prime?
False
Is 830399 composite?
True
Is 515435 composite?
True
Is 30437 prime?
False
Is 4369 prime?
False
Is 4703 composite?
False
Is 236207 a prime number?
True
Is 518911 prime?
True
Is 128147 prime?
True
Is 88097 prime?
False
Is 102478 a composite number?
True
Is 6007 a prime number?
True
Is 252701 a prime number?
False
Is 100033 a prime number?
False
Is 559 prime?
False
Is 69371 a prime number?
True
Is 54469 a composite number?
False
Is 3687 prime?
False
Is 246203 a prime number?
True
Is 142 prime?
False
Is 189683 composite?
True
Is 2479233 a prime number?
False
Is 45613 a composite number?
False
Is 112082 composite?
True
Is 440959 a composite number?
False
Is 45457 a prime number?
False
Is 90221 a prime number?
False
Is 29843 a composite number?
True
Is 129637 prime?
False
Is 13589 composite?
True
Is 40973 a composite number?
False
Is 39953 a prime number?
True
Is 11591 a prime number?
False
Is 67843 prime?
True
Is 481433 composite?
False
Is 316985 a composite number?
True
Is 820337 a prime number?
False
Is 122861 prime?
True
Is 4271 prime?
True
Is 9961 a prime number?
False
Is 500671 prime?
True
Is 230791 composite?
True
Is 204889 a composite number?
True
Is 74303 composite?
True
Is 7563 composite?
True
Is 3353 a composite number?
True
Is 382331 composite?
False
Is 393991 prime?
False
Is 189683 composite?
True
Is 1198207 prime?
False
Is 410753 composite?
True
Is 1117981 prime?
False
Is 131071 a prime number?
True
Is 62641 a composite number?
True
Is 7177 composite?
False
Is 108313 a prime number?
False
Is 18973 composite?
False
Is 72847 composite?
True
Is 22229 composite?
False
Is 46439 prime?
True
Is 158843 a prime number?
True
Is 514781 a composite number?
True
Is 4424783 composite?
True
Is 10805021 a prime number?
True
Is 4499 composite?
True
Is 29006 composite?
True
Is 21799 prime?
True
Is 200971 a prime number?
True
Is 100447 a prime number?
True
Is 317651 a composite number?
False
Is 1073 a composite number?
True
Is 10231 composite?
True
Is 4391 a prime number?
True
Is 29383 prime?
True
Is 82867 prime?
False
Is 12353 composite?
True
Is 47737 composite?
False
Is 15499 a composite number?
True
Is 751069 a prime number?
False
Is 200063 a composite number?
False
Is 24407 composite?
False
Is 405983 a prime number?
False
Is 357271 prime?
True
Is 190389 a prime number?
False
Is 1337 prime?
False
Is 19633 composite?
True
Is 809281 prime?
False
Is 796709 a prime number?
True
Is 61441 prime?
True
Is 7901 a composite number?
False
Is 5581 a composite number?
False
Is 3863 a prime number?
True
Is 448421 a prime number?
True
Is 6803 a prime number?
True
Is 160337 prime?
False
Is 55031 prime?
False
Is 251374 a prime number?
False
Is 57689 composite?
False
Is 12071 a prime number?
True
Is 1907 a composite number?
False
Is 5953 a composite number?
False
Is 26743 composite?
True
Is 346 composite?
True
Is 10007 prime?
True
Is 99809 composite?
False
Is 4201 a composite number?
False
Is 90469 a prime number?
True
Is 44921 a composite number?
True
Is 6991 prime?
True
Is 373895 a prime number?
False
Is 14699 a prime number?
True
Is 4727 a prime number?
False
Is 1636501 a prime number?
True
Is 40841 composite?
False
Is 7601 a composite number?
True
Is 896729 a prime number?
False
Is 61141 prime?
True
Is 23251 a composite number?
False
Is 4783 a prime number?
True
Is 11923 prime?
True
Is 4409 a composite number?
False
Is 240067 a composite number?
True
Is 808211 composite?
False
Is 234341 prime?
True
Is 163 prime?
True
Is 390497 composite?
True
Is 2813 a prime number?
False
Is 20477 a prime number?
True
Is 136519 prime?
True
Is 5351 composite?
False
Is 468145 a prime number?
False
Is 7563 prime?
False
Is 513505 a prime number?
False
Is 6847 prime?
False
Is 578777 composite?
False
Is 280859 a composite number?
False
Is 53043 a composite number?
True
Is 383293 composite?
True
Is 7111 a composite number?
True
Is 8467 a prime number?
True
Is 892189 a composite number?
False
Is 458617 a prime number?
False
Is 1460201 a composite number?
True
Is 198713 prime?
False
Is 78691 composite?
False
Is 666899 composite?
True
Is 15877 a prime number?
True
Is 17165 composite?
True
Is 208799 a composite number?
False
Is 256279 composite?
False
Is 10301 prime?
True
Is 3226 a composite number?
True
Is 80953 a prime number?
True
Is 3017 composite?
True
Is 112979 a composite number?
False
Is 483277 composite?
True
Is 17282 a prime number?
False
Is 1359161 a prime number?
True
Is 19613 a prime number?
False
Is 83071 composite?
False
Is 114997 composite?
False
Is 929 composite?
False
Is 58361 a composite number?
True
Is 450617 a composite number?
False
Is 10798 composite?
True
Is 38723 composite?
False
Is 7717 a composite number?
False
Is 9773 prime?
False
Is 52385 a composite number?
True
Is 59603 a composite number?
True
Is 79447 a composite number?
True
Is 14347 a prime number?
True
Is 22229 a prime number?
True
Is 1811701 prime?
False
Is 8923 composite?
False
Is 34285 a composite number?
True
Is 303445 a composite number?
True
Is 3299 prime?
True
Is 14969 prime?
True
Is 614039 a prime number?
False
Is 2088623 a composite number?
False
Is 29071 a composite number?
True
Is 100787 a prime number?
True
Is 35437 a prime number?
True
Is 91417 composite?
True
Is 357179 a prime number?
True
Is 447 a prime number?
False
Is 817523 a composite number?
True
Is 3793 prime?
True
Is 364713 a prime number?
False
Is 124757 composite?
True
Is 140633 a prime number?
False
Is 109507 a prime number?
True
Is 6458 a prime number?
False
Is 2897 a prime number?
True
Is 19661 a prime number?
True
Is 677147 a prime number?
True
Is 12659 a composite number?
False
Is 145007 a composite number?
False
Is 73861 composite?
True
Is 309503 a composite number?
False
Is 216569 a prime number?
True
Is 199851 composite?
True
Is 18227 a prime number?
False
Is 34339 a composite number?
True
Is 58757 a prime number?
True
Is 7121 a prime number?
True
Is 53141 a prime number?
False
Is 8457 a composite number?
True
Is 66221 a composite number?
False
Is 14851 a prime number?
True
Is 68613 a prime number?
False
Is 38513 a prime number?
False
Is 2099 prime?
True
Is 52949 prime?
False
Is 54311 prime?
True
Is 19973 a prime number?
True
Is 134741 prime?
True
Is 9797 a composite number?
True
Is 10837 a prime number?
True
Is 74111 a prime number?
False
Is 21781 a composite number?
True
Is 66337 composite?
False
Is 396827 prime?
False
Is 541169 composite?
True
Is 33673 a prime number?
False
Is 462881 a prime number?
True
Is 5165 composite?
True
Is 7319 prime?
False
Is 99293 a composite number?
True
Is 60019 composite?
True
Is 5794 composite?
True
Is